f 516?
2, 3, 43
List the prime factors of 36176.
2, 7, 17, 19
What are the prime factors of 40850?
2, 5, 19, 43
List the prime factors of 5753.
11, 523
List the prime factors of 16484.
2, 13, 317
What are the prime factors of 140773?
140773
List the prime factors of 984.
2, 3, 41
What are the prime factors of 1090?
2, 5, 109
List the prime factors of 2912.
2, 7, 13
What are the prime factors of 92760?
2, 3, 5, 773
What are the prime factors of 49089?
3, 16363
What are the prime factors of 2553?
3, 23, 37
What are the prime factors of 879?
3, 293
List the prime factors of 641.
641
What are the prime factors of 2192?
2, 137
What are the prime factors of 7769?
17, 457
What are the prime factors of 46686?
2, 3, 31, 251
What are the prime factors of 1412?
2, 353
List the prime factors of 1270.
2, 5, 127
What are the prime factors of 1004?
2, 251
List the prime factors of 51081.
3, 17027
List the prime factors of 1290.
2, 3, 5, 43
What are the prime factors of 642?
2, 3, 107
List the prime factors of 17670.
2, 3, 5, 19, 31
What are the prime factors of 609?
3, 7, 29
List the prime factors of 7647.
3, 2549
What are the prime factors of 2163?
3, 7, 103
List the prime factors of 3590.
2, 5, 359
List the prime factors of 7217.
7, 1031
What are the prime factors of 239?
239
What are the prime factors of 7184?
2, 449
List the prime factors of 636.
2, 3, 53
List the prime factors of 9721.
9721
What are the prime factors of 4286?
2, 2143
What are the prime factors of 22531?
22531
What are the prime factors of 8423?
8423
List the prime factors of 3619.
7, 11, 47
List the prime factors of 1459.
1459
What are the prime factors of 1692?
2, 3, 47
What are the prime factors of 1774?
2, 887
List the prime factors of 2361.
3, 787
What are the prime factors of 1136?
2, 71
What are the prime factors of 2327?
13, 179
What are the prime factors of 27877?
61, 457
What are the prime factors of 17935?
5, 17, 211
What are the prime factors of 10343?
10343
List the prime factors of 12469.
37, 337
List the prime factors of 4934.
2, 2467
What are the prime factors of 2915?
5, 11, 53
What are the prime factors of 24884?
2, 6221
What are the prime factors of 741?
3, 13, 19
List the prime factors of 5598.
2, 3, 311
What are the prime factors of 604?
2, 151
What are the prime factors of 4435?
5, 887
List the prime factors of 8053.
8053
What are the prime factors of 15980?
2, 5, 17, 47
List the prime factors of 8251.
37, 223
List the prime factors of 250.
2, 5
List the prime factors of 1392.
2, 3, 29
What are the prime factors of 852?
2, 3, 71
What are the prime factors of 34562?
2, 11, 1571
What are the prime factors of 17658?
2, 3, 109
What are the prime factors of 126920?
2, 5, 19, 167
What are the prime factors of 37275?
3, 5, 7, 71
List the prime factors of 222.
2, 3, 37
List the prime factors of 1164.
2, 3, 97
What are the prime factors of 11024?
2, 13, 53
List the prime factors of 1314.
2, 3, 73
What are the prime factors of 861?
3, 7, 41
What are the prime factors of 1283?
1283
List the prime factors of 12832.
2, 401
What are the prime factors of 24021?
3, 17, 157
List the prime factors of 172.
2, 43
List the prime factors of 18274.
2, 9137
List the prime factors of 1198.
2, 599
List the prime factors of 50944.
2, 199
What are the prime factors of 807?
3, 269
List the prime factors of 687.
3, 229
List the prime factors of 801.
3, 89
List the prime factors of 4434.
2, 3, 739
List the prime factors of 4173.
3, 13, 107
List the prime factors of 741.
3, 13, 19
List the prime factors of 18409.
41, 449
List the prime factors of 7266.
2, 3, 7, 173
List the prime factors of 115516.
2, 28879
List the prime factors of 68045.
5, 31, 439
List the prime factors of 27960.
2, 3, 5, 233
List the prime factors of 42326.
2, 21163
List the prime factors of 4481.
4481
What are the prime factors of 1792?
2, 7
What are the prime factors of 1915?
5, 383
What are the prime factors of 86038?
2, 43019
What are the prime factors of 8284?
2, 19, 109
What are the prime factors of 28539?
3, 7, 151
List the prime factors of 22817.
22817
What are the prime factors of 1962?
2, 3, 109
List the prime factors of 21259.
7, 3037
List the prime factors of 24656.
2, 23, 67
What are the prime factors of 107287?
17, 6311
List the prime factors of 1394.
2, 17, 41
What are the prime factors of 3269?
7, 467
What are the prime factors of 568?
2, 71
What are the prime factors of 5774?
2, 2887
List the prime factors of 2020.
2, 5, 101
What are the prime factors of 592?
2, 37
What are the prime factors of 38886?
2, 3, 6481
What are the prime factors of 637?
7, 13
What are the prime factors of 163373?
7, 23339
What are the prime factors of 47019?
3, 7, 2239
What are the prime factors of 451?
11, 41
List the prime factors of 1109.
1109
What are the prime factors of 100626?
2, 3, 31, 541
List the prime factors of 15952.
2, 997
List the prime factors of 23002.
2, 7, 31, 53
List the prime factors of 2312.
2, 17
What are the prime factors of 1260?
2, 3, 5, 7
What are the prime factors of 2158?
2, 13, 83
What are the prime factors of 5602?
2, 2801
List the prime factors of 1360.
2, 5, 17
List the prime factors of 26500.
2, 5, 53
List the prime factors of 4341.
3, 1447
What are the prime factors of 7468?
2, 1867
List the prime factors of 26109.
3, 967
List the prime factors of 3013.
23, 131
List the prime factors of 41358.
2, 3, 61, 113
What are the prime factors of 1416?
2, 3, 59
List the prime factors of 20050.
2, 5, 401
List the prime factors of 4445.
5, 7, 127
What are the prime factors of 20146?
2, 7, 1439
List the prime factors of 6959.
6959
What are the prime factors of 9583?
7, 37
List the prime factors of 125765.
5, 25153
List the prime factors of 129070.
2, 5, 12907
List the prime factors of 652.
2, 163
List the prime factors of 978.
2, 3, 163
List the prime factors of 517.
11, 47
What are the prime factors of 77899?
77899
What are the prime factors of 957?
3, 11, 29
List the prime factors of 803.
11, 73
What are the prime factors of 10515?
3, 5, 701
List the prime factors of 9240.
2, 3, 5, 7, 11
What are the prime factors of 1275?
3, 5, 17
List the prime factors of 6640.
2, 5, 83
List the prime factors of 134500.
2, 5, 269
List the prime factors of 45458.
2, 7, 17, 191
What are the prime factors of 180?
2, 3, 5
What are the prime factors of 8731?
8731
List the prime factors of 2418.
2, 3, 13, 31
List the prime factors of 1776.
2, 3, 37
What are the prime factors of 36798?
2, 3, 6133
What are the prime factors of 10064?
2, 17, 37
List the prime factors of 84560.
2, 5, 7, 151
What are the prime factors of 751?
751
List the prime factors of 8597.
8597
What are the prime factors of 885?
3, 5, 59
List the prime factors of 50942.
2, 25471
List the prime factors of 94323.
3, 23, 1367
What are the prime factors of 731?
17, 43
What are the prime factors of 32295?
3, 5, 2153
List the prime factors of 77758.
2, 17, 2287
List the prime factors of 29184.
2, 3, 19
List the prime factors of 959.
7, 137
What are the prime factors of 620?
2, 5, 31
What are the prime factors of 8966?
2, 4483
What are the prime factors of 4689?
3, 521
What are the prime factors of 154855?
5, 30971
What are the prime factors of 59134?
2, 29567
What are the prime factors of 15704?
2, 13, 151
List the prime factors of 4414.
2, 2207
List the prime factors of 29734.
2, 14867
What are the prime factors of 4192?
2, 131
List the prime factors of 178727.
29, 6163
List the prime factors of 25689.
3, 8563
List the prime factors of 11546.
2, 23, 251
What are the prime factors of 76947?
3, 13, 1973
List the prime factors of 7331.
7331
List the prime factors of 180295.
5, 107, 337
What are the prime factors of 32970?
2, 3, 5, 7, 157
List the prime factors of 2899.
13, 223
What are the prime factors of 2125?
5, 17
List the prime factors of 168317.
17, 9901
What are the prime factors of 7221?
3, 29, 83
List the prime factors of 90866.
2, 45433
List the prime factors of 880.
2, 5, 11
What are the prime factors of 11908?
2, 13, 229
List the prime factors of 1221.
3, 11, 37
What are the prime factors of 8936?
2, 1117
What are the prime factors of 2665?
5, 13, 41
List the prime factors of 651.
3, 7, 31
List the prime factors of 758.
2, 379
What are the prime factors o